i = -2 + r. Suppose i*l - 2*y + 5 + 1 = 0, -y - 3 = 5*l. Calculate g(l).
0
Let z(o) = -2*o. Suppose -6 - 4 = -5*m. Suppose -4*r - 3*a - m = 2*a, a = 3*r - 8. Suppose 3*u + r*u - 15 = 0. Calculate z(u).
-6
Let u(g) = -8*g + 2. Let j = -8 + 4. Suppose v = -3*y - 30, 7*y - 4*y - 5*v = -12. Let r(k) = 17*k - 4. Let f(s) = j*r(s) + y*u(s). What is f(3)?
10
Let o(r) = -2*r - 8. Let p be o(-6). Let c(l) = l - 9. Let z(v) = 1. Let q(x) = c(x) + 5*z(x). What is q(p)?
0
Let k(v) = -5*v + 2. Let y be (-1 + 1)*(-5)/(-10). Let g be (-1 - y) + (2 - -1). What is k(g)?
-8
Let t(c) be the second derivative of c**3/6 + 21*c**2/2 + 6*c + 1. Give t(0).
21
Let g(l) = -2*l**3 + 13*l**2 + 13*l + 7. Let s(u) = -u**3 + 6*u**2 + 6*u + 3. Let p(x) = 4*g(x) - 9*s(x). Calculate p(3).
4
Suppose -5*h + 4*s = -8*h + 16, 2*s - 8 = -2*h. Let u(q) = q**3 - q**2 - q + 3. Calculate u(h).
3
Let b(i) = -i**2 - 2*i + 4. Let l = -45 - -49. Determine b(l).
-20
Suppose -6*t + 12 + 18 = 0. Let z(x) = 2*x - 5. Give z(t).
5
Let l = 34 - 17. Let j = 12 - l. Let s(u) = -u**3 - u**2 + 5*u - 8. Let v(k) = -2*k**3 - 3*k**2 + 10*k - 15. Let a(z) = 5*s(z) - 3*v(z). What is a(j)?
5
Suppose -4 + 16 = -2*q. Let t(o) = -o**2 - 6*o - 3. Calculate t(q).
-3
Let t(d) = 1 + 5*d**2 - 193*d - d**3 + 189*d + 0*d**3. Determine t(4).
1
Let o = 7 + -1. Suppose o*c = c. Let f(m) = -2 + 0 - m + c - m**2. Determine f(0).
-2
Suppose r - 8 = -4. Suppose -2*o + f = r, 0*f = -o - 4*f + 7. Let d = -1 - o. Let g(x) = -x**2 + 2. Calculate g(d).
2
Let x(h) = -h**3 - 6*h**2 + 8*h + 9. Let k be -2*-7*(-4)/8. Give x(k).
2
Let x(i) = 13*i - 27*i + 7*i + 9*i - 13. What is x(9)?
5
Let w = -65 - -61. Let c(g) = g**2 - g - 2. Let o(s) = -s**2 + 2*s + 3. Let z(t) = 6*c(t) + 5*o(t). Calculate z(w).
3
Let h(d) = -d**3 + 11*d**2 - 11*d + 14. Let p = 70 - 60. What is h(p)?
4
Suppose f + 0*f - 3 = 0. Let q(w) be the third derivative of -1/8*w**4 + 0*w + 0 + 2*w**2 - 1/6*w**3 - 1/30*w**5 + 1/120*w**6. Give q(f).
-1
Let j(s) = -s**3 - 4*s**2 - 2*s - 6. Suppose 8 = -4*w + 2*w. What is j(w)?
2
Let s(d) = d**3 - 2*d**2 - 5*d + 4. Let t(x) = -x**2 + 10*x. Let a be t(6). Let q be 68/a - 3/(-18). What is s(q)?
-2
Let c(p) = -6*p**3 - 2*p**2 - 2*p - 1. Let y(g) = 3 + 4 - 4*g - g**2 - 3. Suppose 3*n = 4*a - 0*n + 20, 5*a + 4*n = -25. Let j be y(a). Determine c(j).
5
Let r(i) = -12 - 11 + i - 14 + 39. Give r(-8).
-6
Suppose 5*p - 8 = 42. Suppose -2*g = -4*g - p. Let w(v) be the second derivative of -v**3/3 - 2*v**2 + 3*v. Calculate w(g).
6
Let x(i) = 2*i**2 - 4*i - 1. Let y be x(3). Let o(z) = -z**3 - 6*z**2 + 8*z - 5. Let b(q) = 2*q**3 + 6*q**2 - 9*q + 5. Let r(c) = 2*b(c) + 3*o(c). What is r(y)?
0
Let p(w) be the first derivative of 5*w**2/2 + 5*w + 1. Let q be p(-2). Let t(k) = -k**3 - 5*k**2 + 2*k. Calculate t(q).
-10
Let i = -37 + 52. Suppose -18*q = -i*q. Let z(l) = l. Give z(q).
0
Suppose -4 - 1 = -t. Suppose t*x - 20 = x. Let q(g) be the first derivative of -g**4/4 + 5*g**3/3 - g**2 + 7*g + 2. Determine q(x).
-3
Let z(i) = -15*i**2 - 4*i - 6 + 1 + 14*i**2. Let m be 2/(-7) - 904/(-28). Suppose -5*d + m = -4*a + a, 5*a = -5*d. Determine z(a).
-5
Suppose -2*v - 3*y - 2*y - 15 = 0, 0 = 2*v + y - 5. Let x(j) = 3 + 2*j**3 + 2 - j**3 + 0*j**2 + 5*j**2 + v*j. Calculate x(-4).
1
Let c(q) = 15*q**3 + 2*q**2 + q - 3. Let b(a) = 7*a**3 + a**2 - 1. Let w(d) = -5*b(d) + 2*c(d). Let k = 4 - 3. Give w(k).
-5
Let v = 138 - 135. Let r(k) = 7*k. Determine r(v).
21
Let r(v) = v + 1. Let j(k) = -5*k. Let x(a) = j(a) + 6*r(a). Let w(q) = q**2 + 10*q - 6. Let c be w(-10). Calculate x(c).
0
Let h = -5 - -3. Let m(v) = 5*v - 7*v + 0 - v**2 - 3. Give m(h).
-3
Let w(f) be the second derivative of f**3/6 - 2*f**2 + f. Suppose 2 + 4 = 2*n. Suppose 0*v = v + n. Calculate w(v).
-7
Let m = 138 + -137. Let u(h) be the second derivative of 4*h**3/3 + h**2/2 + h. Determine u(m).
9
Let t be (2/(-6))/(1/(-3)). Let d(q) = -t + 2 - 4*q - 3. Suppose 2*g + 4 + 0 = 0. Determine d(g).
6
Suppose 0*y + 6 = -2*y. Let x(c) be the first derivative of -c**3/3 - c**2 + 4*c - 1. Give x(y).
1
Suppose -22 = -3*o - u, -2*u + 23 + 15 = 5*o. Let k(a) = -a**3 + 7*a**2 - 5*a + 8. Calculate k(o).
14
Let l(n) = 4*n. Let m(z) = 17*z. Let i be (-3 - -5)/2 + 17. Let q(r) = i*l(r) - 4*m(r). Give q(1).
4
Let r(z) = -3*z**3 + 7*z**2 - 5*z - 6. Let s(u) = -u**3 + u + 1. Let f(k) = r(k) - 2*s(k). Give f(6).
-14
Let y(l) = -5*l**3 + l. Let x(u) be the first derivative of -u**4/4 + 5*u**3/3 + 7*u**2/2 - 5*u - 1. Let c = -7 + 13. Let b be x(c). Determine y(b).
-4
Let g(v) be the third derivative of -v**4/12 + v**3/3 - v**2. Let i(o) = -o**3 + 10*o**2 - 9*o - 2. Let d be i(9). What is g(d)?
6
Suppose 0 = -m - 2*m + 18. Let n(y) = -2*y - 5*y - 8 + m*y. Let w(f) = f**3 - 10*f**2 + f - 10. Let a be w(10). Calculate n(a).
-8
Let y(s) = -s - 5. Let j(d) = -d - 6. Let a be j(-10). What is y(a)?
-9
Let f(r) = -r**3 + r**2 - r + 2. Suppose -2*x + 7*x - 25 = 0. Let h(p) = p**3 - 4*p**2 - 4*p - 5. Let s be h(x). Calculate f(s).
2
Let k(v) be the third derivative of -v**5/60 + 2*v**3/3 + v**2. Calculate k(-3).
-5
Let w(t) be the first derivative of t**4/2 - t**3/3 + t**2/2 + t - 12. Calculate w(-1).
-3
Let t(d) be the first derivative of -d**4 + 2*d**3/3 + 3*d**2/2 - 3*d - 13. Determine t(2).
-21
Let c(w) = w**3 + 4*w**2 - 4*w - 3. Let r = 7 - 12. Determine c(r).
-8
Let l be 42/4*(-240)/(-140). Let g = l + -15. Let i(a) = a**2 + a - 2. Give i(g).
10
Let n(l) = 2*l**3 - l**2 - 2*l - 1. Let m be (-7)/14 + (-2)/4. Give n(m).
-2
Let b(s) = -7*s**2 + 10 - 50*s**3 + 23*s**3 + 26*s**3. Determine b(-7).
10
Let p(u) = -u**3 + 6*u**2 + 2*u + 12. Let g(t) = -2*t**3 + 12*t**2 + 3*t + 25. Let z(d) = -2*g(d) + 5*p(d). Give z(7).
-11
Suppose 6*g - 3 = 3*g. Let v = 0 + g. Let s(l) = -3*l - 1. Give s(v).
-4
Let v(n) = 184 + 6*n - n**2 + n + n - 188. Suppose -10 + 0 = -2*h. What is v(h)?
11
Let h(i) = -111 - i + 111. Determine h(-1).
1
Let s(t) = -t**2 - 6*t + 4. Let z(r) = 3*r - 55. Let w be z(16). Give s(w).
-3
Suppose -2*h - 3*a = -9, -2*h = -3*h + 5*a - 28. Let i(d) = -3*d**2 + 9*d + 7. Let v(p) = -2*p**2 + 8*p + 6. Let s(c) = 5*i(c) - 6*v(c). Give s(h).
-19
Let j(i) = -10*i + 3. Let p(x) be the first derivative of -x**2/2 - 5. Let u(h) = -j(h) + 5*p(h). What is u(2)?
7
Let k be (5*1)/((-4)/(-4)). Let j(s) be the third derivative of 0 + 0*s + 1/6*s**3 - 1/12*s**4 - 9*s**2. What is j(k)?
-9
Let t(j) = -j + 1. Let i(z) = 3*z - 1. Let k(d) = -i(d) - 5*t(d). Suppose 4*p = 4*r + 2*p + 10, 4*p + 8 = r. Let s = r - -7. Determine k(s).
2
Let l(w) = -w**3 - w**2 - 2*w - 1. Let b be l(-1). Let h(c) = c**3 - 3*c**2 - 6*c + 8. Let x(q) = -q**2 + q - 1. Let p(a) = b*x(a) + h(a). Determine p(5).
7
Let t(l) = -l**3 - 8 + 4*l**2 + 0*l**2 + 3*l + 2 + 5. What is t(5)?
-11
Let v(j) be the second derivative of j**6/720 - j**5/12 - j**4/4 + j. Let g(a) be the third derivative of v(a). Calculate g(0).
-10
Let d(n) = -9*n**3 + n**2 + 10*n - 1. Let u(o) = 5*o**3 - o**2 - 5*o + 1. Let w(h) = -4*d(h) - 7*u(h). Determine w(-4).
1
Let o be 84/(-18)*6/4. Let k be (-2)/o + (-2)/7. Let y(b) be the second derivative of b**5/20 + b**4/12 + b**3/6 + 7*b**2/2 + b. What is y(k)?
7
Let u(j) = -5*j**3 - 7 + 2*j + 2*j**2 + 4*j**3 + 0*j**3 + 10. Give u(3).
0
Suppose 0*u + 8 = 2*u. Let s(z) = 2 - 234*z**3 + 3 + 233*z**3 + 4*z**2. Determine s(u).
5
Let o = 1 + 4. Suppose 3*v - o*q = v + 13, -2*v - 5*q - 37 = 0. Let f(m) = m**2 + 8*m + 6. Determine f(v).
-6
Suppose 2*b - 14 = -5*x, 4*b - 3*x - x = 0. Suppose -y - 4 = -b*y. Suppose 0*w + y*w = -4. Let c(p) = -4*p**3 + p**2 + p. Determine c(w).
4
Let v(d) = 6*d**3 + 9*d**2 - 11*d + 7. Let q(m) = m**3 + m**2 - m + 1. Let c = -2 - -3. Let u = -2 + c. Let o(t) = u*v(t) + 5*q(t). What is o(-5)?
-7
Let h(d) be the second derivative of -d**4/12 + d**3/6 + 2*d**2 - 33*d. Determine h(6).
-26
Let b(t) = -5*t - 5 - 10 + 2*t - 11*t**2. Let h(x) = -5*x**2 - x - 7. Let c(n) = -4*b(n) + 9*h(n). Suppose -5*o = 5*a - 15, -o - 2 = -3*a + 11. Give c(a).
-7
Let q(n) = n**2 + 4*n + 3. Let d = -27 - -23. Determine q(d).
3
Let z(j) = -j**2 - 10*j - 9. Let h(l) be the third derivative of l**6/120 - l**5/12 + l**4/6 - l**3 + 5*l**2. Let g be h(4). Give z(g).
15
Suppose 4*a + 29 = -5*n + 5*a, -21 = 3*n + 3*a. Let d = n + 13. Let z(i) = -9*i + 4. 